s(3).
1
Let g(d) = 21*d - 9. Give g(8).
159
Let n(d) = -2*d**3 - 24*d**2 - d - 3. Calculate n(-12).
9
Let n(v) = -3*v**3 + 2*v**2 + 2*v + 1. Calculate n(-1).
4
Let o(l) = l**3 + 10*l**2 + 10*l + 12. What is o(-9)?
3
Let b(n) = n**2 - 2*n - 82. Determine b(-8).
-2
Let z(w) = 5*w**3 + 51*w**2 + 12*w + 20. Calculate z(-10).
0
Let g(d) = -d**3 + 7*d**2 - 8*d - 3. Determine g(3).
9
Let y(l) = 2*l**2 + 13*l - 32. Determine y(-10).
38
Let s(h) = -2*h - 19. Determine s(0).
-19
Let w(o) = -o**3 - 7*o**2 + 11*o + 19. Determine w(-8).
-5
Let d(b) = -b**2 - b + 9. What is d(0)?
9
Let p(v) = -v**2 + 6*v - 8. Determine p(3).
1
Let s(w) = -18*w**2 + 111*w - 20. Give s(6).
-2
Let a(t) = 3*t + 13. Determine a(-6).
-5
Let h(r) = 23*r + 891. What is h(-39)?
-6
Let z(d) = -20*d**2 + 3*d + 1. Give z(-1).
-22
Let g(j) = j**2 - j - 16. Determine g(0).
-16
Let y(u) = u**2 - 8*u + 4. Calculate y(8).
4
Let q(c) = -6*c + 1. Give q(-9).
55
Let d(s) = s**2 - 17*s + 32. Calculate d(14).
-10
Let k(f) = f**3 + 5*f**2 + 4*f + 9. Calculate k(-6).
-51
Let n(w) = -6*w - 2. Determine n(-2).
10
Let a(t) = 2*t**2 - 5*t - 4. Calculate a(-3).
29
Let p(i) = -i + 2. Calculate p(-1).
3
Let m(t) = -t**2 + 2*t - 50. Determine m(0).
-50
Let i(g) = -g + 20. Give i(18).
2
Let s(o) = o**3 + 20*o**2 + 35*o - 26. Give s(-18).
-8
Let l(o) = -30*o + 390. What is l(13)?
0
Let h(g) = -g**2 - 17*g + 5. What is h(-18)?
-13
Let j(l) = 2*l - 25. What is j(14)?
3
Let m(b) = -b**3 - 42*b**2 + 41*b - 94. Calculate m(-43).
-8
Let c(q) = -3*q + 30. Determine c(5).
15
Let g(q) = -6*q**2 - 51*q - 13. Determine g(-8).
11
Let c(p) = p**2 + 10*p + 31. What is c(-6)?
7
Let w(k) = -15*k + 44. Give w(3).
-1
Let z(s) = 3*s**3 + 45*s**2 + s + 11. Give z(-15).
-4
Let p(f) = 4*f - 12. What is p(10)?
28
Let m(t) = -37*t. What is m(-2)?
74
Let p(q) = q**2 - 2*q - 1. Determine p(5).
14
Let i(y) = -y**3 + 9*y**2 - y + 11. What is i(9)?
2
Let s(z) = 41*z**2 - 1. Determine s(1).
40
Let g(h) = -2*h**2 + 4. Determine g(3).
-14
Let x(v) = v**3 - 7*v**2 + 5*v + 6. Give x(6).
0
Let j(q) = 21*q + 20. What is j(-5)?
-85
Let k(b) = b**3 - b**2 + 2. Calculate k(0).
2
Let f(y) = 28*y**3 + y**2 - y - 1. What is f(-1)?
-27
Let x(z) = -6*z**2 - 91*z - 18. What is x(-15)?
-3
Let c(m) = -3*m + 24. Give c(9).
-3
Let w(f) = f + 4. Determine w(-5).
-1
Let p(v) = 3*v**2 - 76*v + 285. Give p(21).
12
Let k(i) = i - 15. Calculate k(9).
-6
Let r(y) = 2*y**3 + 6*y**2 + 3*y + 1. What is r(-3)?
-8
Let d(t) = -t**3 - 5*t**2 + 52*t + 18. Give d(-10).
-2
Let s(b) = 3*b - 2. Determine s(7).
19
Let x(d) = 16*d + 3. Calculate x(-2).
-29
Let u(t) = t**2 + 10*t - 15. Calculate u(-11).
-4
Let l(q) = 3*q**3 + 32*q**2 - 7*q + 4. What is l(-11)?
-40
Let j(i) = -i**3 - 17*i**2 - 16*i + 16. Determine j(-16).
16
Let v(u) = 2*u**2 - 6*u - 2. What is v(5)?
18
Let p(f) = -3*f - 25. What is p(-5)?
-10
Let t(u) = 2*u**2 + 3*u - 13. What is t(4)?
31
Let h(k) = -8*k - 7. Calculate h(-2).
9
Let w(c) = -6*c + 12. Give w(2).
0
Let q(j) = -3*j**2 - 36*j + 35. Calculate q(-13).
-4
Let d(m) = 2*m**2 - 58*m - 47. Give d(30).
13
Let j(f) = f**3 + 13*f**2 + 13*f + 9. Give j(-12).
-3
Let u(n) = 3*n - 2. What is u(0)?
-2
Let u(h) = -10*h + 310. Determine u(32).
-10
Let t(o) = 7*o**2 - 43*o - 47. Give t(7).
-5
Let x(p) = p**2 - 8*p - 4. Give x(9).
5
Let u(z) = z**3 - 17*z**2 + z + 16. Give u(17).
33
Let u(b) = -b**3 - 5*b**2 - 7*b - 13. Calculate u(-6).
65
Let o(k) = -k**2 + 3*k + 30. Calculate o(5).
20
Let y(a) = 2*a**3 - 6*a**2 + 2*a - 6. Determine y(4).
34
Let l(y) = 25*y**2 - y + 2. Determine l(1).
26
Let r(w) = -10*w - 58. What is r(-4)?
-18
Let f(g) = -g**3 - 14*g**2 - 14*g + 12. What is f(-13)?
25
Let u(w) = -7*w**2 - 2*w + 1. Give u(2).
-31
Let s(k) = -3*k - 71. Give s(-15).
-26
Let g(f) = f**3 - 16*f**2 + f - 11. Determine g(16).
5
Let w(y) = -2*y**2 + 49*y - 51. Determine w(23).
18
Let b(j) = -j**3 + 11*j**2 - 51*j + 406. What is b(10)?
-4
Let y(s) = -52*s**3 - s**2 + s - 2. Give y(1).
-54
Let a(y) = -289*y + 295. Determine a(1).
6
Let l(t) = -t**3 - 5*t**2 - 8*t - 10. What is l(-6)?
74
Let p(u) = -14*u - 17. What is p(-5)?
53
Let a(n) = -16*n + 15. What is a(7)?
-97
Let w(t) = -2*t - 13. Give w(-6).
-1
Let z(m) = 5*m + 55. Determine z(-10).
5
Let a(j) = j**2 + 41*j - 137. Calculate a(-44).
-5
Let h(g) = 8*g + 16. What is h(-5)?
-24
Let i(y) = -2*y**2 - 5*y + 12. Calculate i(-7).
-51
Let v(q) = -2*q**2 - 17*q - 1. Calculate v(-9).
-10
Let t(l) = -l**3 - 11*l**2 - 11*l - 4. Calculate t(-10).
6
Let u(d) = d**3 + 7*d**2 + 8*d - 1. Calculate u(-5).
9
Let o(c) = -c**3 + 9*c**2 - 26*c + 80. Give o(7).
-4
Let l(g) = g**2 - 8*g. Determine l(7).
-7
Let o(j) = -j**2 + 59*j + 180. Give o(-3).
-6
Let a(j) = j**3 + 29*j**2 - 66*j - 131. Give a(-31).
-7
Let g(k) = -9*k + 150. Give g(13).
33
Let h(j) = j**3 - 18*j**2 - 21*j + 42. Calculate h(19).
4
Let s(h) = h**3 - 16*h**2 - 16*h - 10. Give s(17).
7
Let n(x) = x**3 - 8*x**2 + 8*x + 2. What is n(7)?
9
Let k(j) = -4*j + 17. Calculate k(10).
-23
Let p(g) = 3*g**2 + 12*g - 14. Give p(-6).
22
Let k(s) = -s**3 + 5*s**2 + 19*s - 14. Give k(7).
21
Let t(g) = g**2 + 9*g + 23. Give t(-7).
9
Let b(y) = y**3 + y - 23. Determine b(0).
-23
Let q(l) = 2*l**3 - 48*l**2 + 46*l - 8. Determine q(23).
-8
Let z(d) = -6*d. Determine z(-2).
12
Let t(s) = -s**3 - 12*s**2 - 3*s - 41. What is t(-12)?
-5
Let x(z) = -z**3 - 6*z**2 - 6*z - 5. Calculate x(-4).
-13
Let o(z) = -5*z**3 - 13*z**2 + 8*z - 2. What is o(-3)?
-8
Let q(b) = -b**3 - 14*b**2 + 15*b - 4. Give q(-15).
-4
Let d(m) = 12*m - 1. Calculate d(-1).
-13
Let a(t) = 2*t**3 - 14*t**2 - 16*t - 5. Calculate a(8).
-5
Let s(v) = -v - 10. Determine s(-14).
4
Let d(c) = c**3 - 26*c**2 + 25*c - 55. Give d(25).
-55
Let i(k) = 2*k**2 - 10*k - 14. Calculate i(7).
14
Let j(i) = -12*i - 98. What is j(-8)?
-2
Let u(d) = -6*d - 1. Give u(-5).
29
Let i(f) = f**3 + 3*f**2 + 4*f - 2. Determine i(-4).
-34
Let y(u) = u**2 + 5*u - 57. Give y(-10).
-7
Let k(a) = 5*a**2 - 11*a + 8. What is k(2)?
6
Let x(c) = c**3 + 27*c**2 + 73*c + 16. Determine x(-24).
-8
Let p(w) = -w - 6. What is p(20)?
-26
Let u(c) = c**3 - 16*c**2 + 59*c + 1. Determine u(10).
-9
Let u(n) = 2*n**2 + 8*n - 9. What is u(-7)?
33
Let z(n) = -5*n + 23. Give z(4).
3
Let g(y) = -2*y**2 - 14*y - 11. Determine g(-6).
1
Let f(d) = 2*d**2 - 5*d - 26. Calculate f(5).
-1
Let o(n) = n**2 - 9*n + 5. What is o(9)?
5
Let x(p) = 6*p - 1. Determine x(2).
11
Let o(m) = 3*m - 23. What is o(7)?
-2
Let g(h) = 8*h + 10. Determine g(8).
74
Let m(u) = u**3 - 5*u**2 - 4*u - 13. Determine m(5).
-33
Let p(y) = y**3 + 6*y**2 - 2*y - 9. Give p(-5).
26
Let z(g) = g**2 + 4*g - 4. Calculate z(-4).
-4
Let i(x) = -x**3 - 15*x**2 + 15*x + 55. Determine i(-16).
71
Let n(m) = 25*m + 61. Give n(-5).
-64
Let t(j) = -j**2 - 21*j - 8. Determine t(-20).
12
Let j(q) = -4*q + 15. Determine j(0).
15
Let c(x) = -8*x + 8. Calculate c(-4).
40
Let u(s) = 3*s + 41. What is u(-13)?
2
Let z(d) = 7*d - 9. Calculate z(-1).
-16
Let c(z) = -5*z - 33. What is c(-10)?
17
Let k(c) = c**2 - 7*c - 60. Calculate k(-6).
18
Let o(m) = m + 27. Determine o(-9).
18
Let m(i) = i + 41. Calculate m(-21).
20
Let l(j) = -j**2 - 4*j + 59. Determine l(7).
-18
Let d(t) = -3*t**3 + t - 1. Determine d(-2).
21
Let h(y) = 2*y + 4. Determine h(8).
20
Let l(b) = 2*b**3 - 40*b**2 - 5*b + 28. Calculate l(20).
-72
Let v(z) = -2*z + 6. Determine v(-6).
18
Let o(n) = n**3 + 2*n**2 - 10*n - 12. Determine o(-5).
-37
Let g(k) = 26*k + 181. Determine g(-7).
-1
Let j(t) = -53*t - 273. Give j(-5).
-8
Let g(l) = l**2 - 23*l + 103. Give g(18).
13
Let f(o) = -o**3 - 8*o**2 + 10*o - 10. Give f(-9).
-19
Let t(c) = 2*c + 27. Calculate t(-17).
-7
Let r(l) = l - 45. Calculate r(22).
-23
Let c(a) = -3*a**2 + a. Give c(1).
-2
Let i(g) = -g**3 + 10*g**2 - 8*g - 6. Determine i(9).
3
Let t(i) = -i**3 - 7*i**2 + 7*i - 10. What is t(-8)?
-2
Let v(p) = p**2 - 21*p + 5. Determine v(22).
27
Let l(y) = -y**2 + 2*y + 14. Calculate l(8).
-34
Let y(u) = 2*u - 10. Determine y(-3).
-16
Let b(h) = 2*h**2 - 3*h - 18. Calculate b(3).
-9
Let u(q) = q**3 + 30*q**2 - 67*q - 85. Calculate u(-32).
11
Let l(c) = c**2 + c - 3. What is l(-3)?
3
Let p(t) = t**3 - 13*t**2 + 22*t - 11. Give p(11).
-11
Let t(b) = -b**3 + 5*b**2 + b - 1. What is t(5)?
4
Let n(u) = -2*u**2 + 6*u + 62. 